 to base 2.
-1101001111100001
Convert 5630126 (base 7) to base 6.
22531515
What is -4ccd (base 15) in base 11?
-11353
-16576130 (base 8) to base 3
-21021101201122
What is 103233313 (base 4) in base 12?
3a987
-158813 (base 10) to base 8
-466135
Convert -56a72 (base 11) to base 6.
-1433504
Convert beea3 (base 15) to base 14.
11b51a
Convert -12935a (base 11) to base 10.
-202740
What is -211322113 (base 4) in base 14?
-4083d
What is -4a4487 (base 11) in base 6?
-25023325
What is -848cd (base 15) in base 10?
-420493
Convert -11344303 (base 5) to base 7.
-621426
10110111111111001 (base 2) to base 6
2004041
Convert 10511121 (base 6) to base 10.
320377
Convert -532500 (base 6) to base 14.
-11b48
What is a85 (base 16) in base 2?
101010000101
Convert 51030433 (base 6) to base 3.
2201200120010
-31651 (base 12) to base 9
-107867
What is -298107 (base 16) in base 6?
-134144343
Convert 5072566 (base 8) to base 9.
2463186
What is 79d9 (base 16) in base 14?
b521
Convert 3233e (base 16) to base 13.
72799
10022021010111 (base 3) to base 14
33a42c
-2260658 (base 9) to base 14
-23ad01
What is -22100323003 (base 4) in base 3?
-12001201000121
Convert -213be2 (base 16) to base 15.
-2d0513
Convert -11b90 (base 15) to base 14.
-168b8
What is 21532421 (base 6) in base 9?
1200424
What is -165031400 (base 7) in base 16?
-ac749e
What is 1267c3 (base 16) in base 6?
41504151
Convert 1633236 (base 7) to base 8.
673040
-2070250 (base 11) to base 13
-9a8654
920b7 (base 16) to base 6
20453235
What is -2222102002012 (base 3) in base 2?
-110000010011001111110
-10101111101110011 (base 2) to base 3
-11120102021
1000010011111110111101 (base 2) to base 16
213fbd
Convert 4de541 (base 15) to base 11.
2127a72
What is 5036647 (base 8) in base 15?
1b3088
23416 (base 12) to base 15
e000
-6deb5e (base 16) to base 5
-3321004203
3474114 (base 8) to base 5
220321200
36970 (base 16) to base 14
5b6b6
143220340 (base 5) to base 12
30650b
Convert -911161 (base 10) to base 6.
-31310201
12000c (base 13) to base 11
27297a
100011100111010 (base 2) to base 5
1040414
What is 1a498 (base 12) in base 14?
1016c
Convert 4bb50c (base 15) to base 14.
6a7bc1
5368e (base 16) to base 6
11153410
Convert 200102221 (base 4) to base 5.
13213030
Convert -101110100111010101001010 (base 2) to base 5.
-11112012342
Convert -12121210012 (base 3) to base 7.
-640412
What is -332007 (base 14) in base 8?
-6473107
-10111001001000000110100 (base 2) to base 8
-27110064
What is -224245241 (base 7) in base 8?
-64166670
-13a7d (base 15) to base 16
-f68e
3132878 (base 9) to base 7
20145026
15555335 (base 6) to base 12
22bb4b
What is -10001000000110000 (base 2) in base 15?
-159a5
Convert -2213 (base 15) to base 8.
-16062
Convert -a514a14 (base 11) to base 10.
-18542055
Convert -4006048 (base 10) to base 14.
-763d04
344050 (base 6) to base 13
10500
What is -12715127 (base 9) in base 10?
-6269506
What is 1fe2b (base 16) in base 10?
130603
Convert -320b21 (base 13) to base 10.
-1172887
-42532412 (base 6) to base 3
-2100211110122
What is -32ab4 (base 14) in base 6?
-2344434
What is -56310634 (base 8) in base 13?
-269a621
-352123514 (base 6) to base 7
-106420636
What is 17600 (base 16) in base 5?
11030434
What is 2213203033 (base 4) in base 16?
a78cf
-413156 (base 7) to base 5
-4230443
Convert 431485 (base 9) to base 14.
6993b
What is -991264 (base 10) in base 13?
-289261
1211112211 (base 3) to base 5
2123441
-5327a8 (base 11) to base 6
-30140101
What is -292328 (base 11) in base 14?
-bc738
What is -7338578 (base 9) in base 16?
-3bdd19
What is 133310313002 (base 4) in base 5?
4113433403
What is -410220344 (base 5) in base 3?
-10002201221100
What is 1004550 (base 6) in base 5?
3011410
What is -414134 (base 5) in base 9?
-20667
-1be99 (base 15) to base 5
-10403134
110313212133 (base 4) to base 15
730dd3
Convert 110020012010 (base 3) to base 6.
5054220
Convert 8345a1 (base 13) to base 5.
1241101131
What is 2c1ae (base 16) in base 15?
387d9
What is -202511430 (base 7) in base 10?
-11851896
What is -1b68cd (base 16) in base 8?
-6664315
Convert -451242 (base 9) to base 12.
-110262
33443 (base 8) to base 2
11011100100011
8776156 (base 9) to base 11
2730750
Convert -100200121201 (base 3) to base 13.
-68a6a
-152172 (base 8) to base 16
-d47a
-1011102201221 (base 3) to base 8
-2270352
What is 448928 (base 10) in base 12?
197968
What is -4a15e3 (base 15) in base 8?
-15422457
What is 100101111010101100011 (base 2) in base 11?
779536
What is 36638 (base 10) in base 3?
1212020222
What is 15a39 (base 12) in base 13?
1107c
Convert -4aec0 (base 15) to base 8.
-723734
Convert -b783a4 (base 15) to base 12.
-2b13201
103244202 (base 7) to base 14
b65b02
What is -74542 (base 13) in base 12?
-a137a
-258253 (base 9) to base 6
-3210333
188cc6 (base 16) to base 2
110001000110011000110
What is -920d66 (base 14) in base 16?
-4b124e
Convert 47f082 (base 16) to base 14.
8aa230
Convert -21121210220 (base 3) to base 8.
-445024
What is 450690 (base 13) in base 2?
110001101101110110100
-288378 (base 11) to base 15
-8d66b
Convert -49109 (base 14) to base 10.
-178565
228167 (base 9) to base 10
137194
-5973049 (base 10) to base 6
-332005001
What is 93810a (base 11) in base 7?
15533211
12997b (base 14) to base 2
10011100100011001001
Convert 2976366 (base 12) to base 3.
120202010000220
What is 47055436 (base 8) in base 14?
150a446
-b5cac (base 14) to base 2
-1101011001000010000
Convert 21034543 (base 7) to base 12.
71646a
What is -201000202 (base 3) in base 11?
-a470
-4589b (base 12) to base 16
-16ab7
a911 (base 16) to base 6
532213
-51245 (base 11) to base 13
-2809c
What is -101221000001020 (base 3) in base 12?
-1b40306
Convert 414212433 (base 6) to base 3.
111112220221010
What is 203101055 (base 7) in base 15?
10a0cae
What is -79883 (base 10) in base 5?
-10024013
Convert -20210020001 (base 3) to base 15.
-2989a
-22203 (base 9) to base 13
-6933
-61020000 (base 7) to base 11
-2949492
What is -395521 (base 14) in base 7?
-22530641
21200003 (base 4) to base 5
2221130
236c1a8 (base 14) to base 3
1011212110020211
What is 11011021022 (base 3) in base 16?
13fb5
Convert 224312200 (base 5) to base 3.
1220022212112
What is 29c4 (base 13) in base 8?
13673
-242301040 (base 5) to base 9
-2118237
Convert 126c42 (base 15) to base 8.
3275665
Convert 94478 (base 16) to base 6.
21003452
Convert 300423 (base 7) to base 2.
1100010111001010
4500384 (base 10) to base 3
22110122100220
455b9 (base 14) to base 10
168527
What is 24a00c (base 14) in base 7?
13453015
Convert 204806b (base 12) to base 13.
1346423
-286445 (base 11) to base 4
-1231110011
-97513 (base 10) to base 6
-2031241
Convert -1223016 (base 9) to base 16.
-a251f
Convert -772870 (base 12) to base 4.
-13031311110
1197d72 (base 16) to base 10
18447730
What is 30040011 (base 7) in base 5?
1113331431
Convert 125d (base 15) to base 8.
7511
-101100001001111110 (base 2) to base 6
-3513154
Convert 516544 (base 8) to base 15.
35b94
1314327 (base 8) to base 9
618143
-ba68 (base 15) to base 9
-60128
1234312421 (base 5) to base 16
2e694b
What is b376 (base 15) in base 6?
451303
Convert -6fb44 (base 16) to base 6.
-13450124
-53713 (base 8) to base 16
-57cb
What is -112222102020112 (base 3) in base 4?
-132113120333
Convert 43033132 (base 6) to base 14.
24ca76
Convert -544 (base 6) to base 13.
-130
22401130 (base 5) to base 12
97a05
What is -1201607 (base 8) in base 4?
-1100032013
What is -120425350 (base 7) in base 2?
-11100100011100101110110
Convert -300455232 (base 6) to base 2.
-10011010111101001100100
Convert -361434 (base 13) to base 8.
-4723741
Convert ba35 (base 13) to base 11.
18507
231101011 (base 4) to base 16
2d445
What is 4173723 (base 8) in base 14?
20d37d
-511c91 (base 13) to base 5
-440424434
What is 4a477 (base 13) in base 12?
67338
-14105253 (base 6) to base 2
-1110100000110000001
What is -74494 (base 12) in base 6?
-3135104
Convert -124894 (base 11) to base 8.
-600170
What is 8187 (base 13) in base 11?
12463
228297 (base 10) to base 15
4799c
What is -348ee0 (base 15) in base 14?
-495121
What is 21213112131 (base 4) in base 15?
34bc1c
Convert 12010002022021 (base 3) to base 10.
2717935
Convert 41243250 (base 6) to base 11.
741527
Convert 111001010100101000101101 (base 2) to base 15.
14bc573
Convert 1074665 (base 10) to base 6.
3